ded by u.
98
Suppose 2 = -3*h + 5*h + 4*u, 2*h = -3*u + 7. Suppose -3*a = -382 + 1750. Calculate the remainder when (a/48)/((-2)/4) is divided by h.
8
Suppose -62*j = -4*l - 61*j + 666, 2*j = -2*l + 328. What is the remainder when l is divided by 58?
50
Let a = 34 - 17. Let h = -342 + 24. Let s = 384 + h. Calculate the remainder when s is divided by a.
15
Suppose 5*i + v = -186 + 601, 3*i + 2*v = 249. Suppose 3*t - 2*t = 5. Suppose -378 + i = -t*d. What is the remainder when d is divided by 21?
17
Suppose -c + 4*c = -5*b + 110, 88 = 4*b - 2*c. Let k(r) = -12*r - 244. What is the remainder when b is divided by k(-21)?
6
Suppose 4*k - 5*m + m - 16 = 0, 0 = -4*k - 3*m + 9. Suppose r - 157 = -k*d, -10*d - 2*r = -5*d - 263. What is the remainder when 356 is divided by d?
50
Suppose -v + 32 = i, -2*v - 344 + 327 = -i. Calculate the remainder when 1049 is divided by i.
23
Let i = -10 + -5. Let g = -3 - i. Suppose g*b + 6 = -d + 7*b, -4*d = -b - 39. Calculate the remainder when 16 is divided by d.
7
Suppose 8*f + 379 = 10*f + 63. Calculate the remainder when 754 is divided by f.
122
What is the remainder when 715 is divided by 4/(66/(-12) + 5 - 9/(-16))?
11
Let f(p) = 5*p + 6. Let r(b) = 3*b + 3. Let y(l) = 4*f(l) - 9*r(l). Calculate the remainder when y(-11) is divided by 36/2 - (61 + -62).
17
Let x(b) = 2*b**2 + 12*b + 22. Suppose 3*o = -5*j + 85, -3*o - 2*o = 0. What is the remainder when 83/4*68/j is divided by x(-6)?
17
Suppose 0 = 10*s - 9*s - 214. Suppose -s = -2*o - 3*b, 86 + 34 = o - 5*b. Calculate the remainder when o is divided by 16.
14
Let a = -1372 - -1389. Calculate the remainder when 337 is divided by a.
14
Let g be (10 - 20/5)*4/6. Suppose 45 = g*a + 2*u - 3*u, -5*a = u - 54. Calculate the remainder when 21/7*(-49)/(-3) is divided by a.
5
Suppose -21*j = 68*j - 48327. Calculate the remainder when j is divided by 32.
31
Let o be 15/(-12) - (51/(-12) + 5). What is the remainder when 84 is divided by (-1 + -28)*(o + 1)?
26
Suppose -40*z + 136 = -184. Let p = -32 - -51. Calculate the remainder when p is divided by z.
3
Let i be (-1)/(-3*1/114). Suppose -266 = 24*a - i*a. What is the remainder when 51 is divided by a?
13
Let g = 736 + -496. Suppose -12*i + g + 240 = 0. What is the remainder when 156 is divided by i?
36
Let s = 5687 + -5220. Calculate the remainder when s is divided by 49.
26
Calculate the remainder when -5*6*3782/(-244) is divided by 101.
61
Let c(w) = -w**2 - 18*w - 27. Let m be c(-15). Suppose 0 = 21*h - m*h - 78. What is the remainder when 98 is divided by h?
20
Suppose 3*r - 378 = 4*f, -2*f = 55*r - 50*r - 630. Calculate the remainder when 146 is divided by r.
20
Suppose -17982 = -37689*y + 37671*y. What is the remainder when y is divided by 312?
63
Suppose 127 = 2*r + 2*p - 49, -5*r + 4*p + 413 = 0. Let h = 0 + r. Let j = -6142 + 6153. What is the remainder when h is divided by j?
8
What is the remainder when 1271 is divided by ((-6)/(-5))/((-59)/(-1180))?
23
Let y(v) = -40*v**3 + 13*v**2 + 85*v - 13. What is the remainder when y(-6) is divided by 19?
16
Let y(v) = 4*v**2 + 3*v. Let b = -172 - -671. Let i = b + -187. What is the remainder when i is divided by y(3)?
42
Let w = -57 - -56. What is the remainder when 1/((-1430)/(-1435) + -1)*w is divided by 24?
23
Let q(g) = -12*g**3 + 3*g**2 + g + 23. What is the remainder when q(-3) is divided by 42?
35
What is the remainder when 629 is divided by ((-46)/(-14) - 3)*12/48*364?
5
What is the remainder when 502 + (-24)/4 + (1 - 0) is divided by 5?
2
Let c = 42 - 36. Suppose -c*f + 4*f = -6. Let g(v) = 2*v - 14. What is the remainder when f is divided by g(8)?
1
Let m(a) = a**2 - 13*a + 15. Let l be m(-7). Suppose -y + 4 = -4*h - 50, -5*y + l = 3*h. Calculate the remainder when 119 is divided by y.
17
Calculate the remainder when 1183 is divided by 53 + -7 - 8/12*-12.
49
Let w be -8 + 6 - (-1 - 21). Suppose -r + 37 = -w. Let z = r - 30. Calculate the remainder when z is divided by 18.
9
What is the remainder when 488 is divided by -5 + (1456/8 - 13)?
160
Let i(n) = -1623*n + 522. Calculate the remainder when i(-1) is divided by 12.
9
Let g(m) = -38*m**3 - 2*m**2 - 2*m - 1. Let w be g(-1). Let n = -22 + w. Let i(r) = -198*r - 1467. Calculate the remainder when i(-8) is divided by n.
12
Let h(x) = 687*x**2 - 7*x - 5. Let q be h(-1). Let y = 774 - q. What is the remainder when y is divided by 80?
5
Suppose -10 = 20*j - 25*j, -5*a + 2*j = -41. Let p(w) = -2*w**2 + 27*w - 75. What is the remainder when (20 - 0)/(1 - 0) is divided by p(a)?
2
Let h = 26 - 22. Let g(s) = -4*s - 53. What is the remainder when g(-23) is divided by (16/(-12))/h - (-129)/9?
11
Let r(x) = 370*x**2 + 253*x - 516. What is the remainder when r(2) is divided by 9?
3
Let d(p) = -45*p + 101. What is the remainder when 2661 is divided by d(2)?
10
Let b = 6220 + -3250. Suppose 0*g - 18*g = -b. Calculate the remainder when g is divided by 57.
51
Suppose 0 = 5*g + 2*p - 403 + 73, 4*g - 287 = 3*p. Suppose 29 = 2*b - c, 4*b - c - 3*c = 64. What is the remainder when g is divided by 2 - (1 - 0 - b)?
12
What is the remainder when (8/(-2))/(2*(-2)/226) is divided by 225?
1
Let d = -107 + 343. Suppose 237*i - 181 = d*i. Calculate the remainder when i is divided by 61.
59
Suppose -2*t + 0*t = 3*j + 114, 0 = 5*j + 2*t + 194. Let b = -24 - j. Let q(k) = -5*k. Calculate the remainder when q(-6) is divided by b.
14
Let l = 109 + -101. Suppose 4*o = -v + 43, -5*o + l = -7. Let a(s) = s**3 - 4*s**2 + 5*s - 4. What is the remainder when v is divided by a(4)?
15
Suppose 24934 = 735*h + 224*h. Let f = 92 + -2. What is the remainder when f is divided by h?
12
What is the remainder when 3602 is divided by (-1984)/(-44) - (-1680)/(-1540)?
38
Suppose 11*x = -3*x + 18*x - 5864. What is the remainder when x is divided by 14?
10
Suppose 10*x + 33*x = -89*x + 4506744. Calculate the remainder when x is divided by 19.
18
Calculate the remainder when 1334 is divided by 3/(-3)*(-6016)/94.
54
Suppose -30*d = 103 - 193. Suppose 1 + 3 = o. Calculate the remainder when o is divided by d.
1
Let y = 28591 + -28585. Calculate the remainder when 307 is divided by y.
1
Let g(b) = 36*b**2 - 15*b + 11. Let i be g(4). Let w = i + -486. What is the remainder when 156 is divided by w?
33
Suppose 3*t - 3*g = -6, -2*g - 4 = 2*t - 0*g. Suppose 0 = u - 1 - 7. What is the remainder when t*(-4 - 74/4) is divided by u?
5
Let t(y) = 4*y**2 + 5*y + 20. Let l(g) = 7*g + 68. Let v be l(-11). What is the remainder when t(v) is divided by 12?
11
Let k(i) = -50*i - 228. What is the remainder when 987 is divided by k(-5)?
19
Let d be (-10)/(-55) + ((-268)/22)/1. Let c = 23 - d. Suppose 5*o = o + 36. Calculate the remainder when c is divided by o.
8
Suppose -4*j - 222 = -3*x - 2*j, -4*j = -5*x + 372. Suppose -359*c = -178*c - 166*c - 330. What is the remainder when x is divided by c?
6
Suppose -4*x - 18*d = -22*d - 616, -d - 5 = 0. What is the remainder when 376 is divided by x?
78
Let v(p) = -p**2 + 84*p + 972. Calculate the remainder when 67 is divided by v(-10).
3
Let a(f) = f + 0*f - 160*f**3 + 16 + 161*f**3 + 7*f**2. What is the remainder when ((-6732)/(-726))/((-2)/(-11)) is divided by a(-7)?
6
Let c(i) = 19*i**2 - 2057*i - 32. What is the remainder when c(109) is divided by 738?
18
Suppose -516 = 23*d - 19*d. Let t = -88 - d. Suppose -t = -2*a - 17. Calculate the remainder when 22 is divided by a.
10
Let x = 124 - 116. Suppose -x*y - 352 = -16*y. What is the remainder when 126 is divided by y?
38
Suppose g = 4*g - 99. Suppose -4*d = -g + 1. Let j(r) = 6*r**2 + r. Calculate the remainder when d is divided by j(-1).
3
Suppose -7 - 17 = -3*v + 5*n, -2*n = 3*v - 24. Suppose -x + v*x = 4*x. Calculate the remainder when 57 is divided by (1/3 - x) + 175/15.
9
Let d be 8/((-8)/(-3)) - (1 + 1). Calculate the remainder when 253 is divided by -20*((-1)/(-4) - d).
13
Suppose -14*j + 589 = -67 + 40. What is the remainder when 435 is divided by j?
39
Let i = 324 - 264. Let u = i - 45. Calculate the remainder when u is divided by 4.
3
Suppose 0 = 5*y - 316*g + 313*g - 175, 2*g + 30 = 0. Let a = 76 + 10. Calculate the remainder when a is divided by y.
8
Let w(r) = -r**2 + 13*r - 21. Let o = -33 + 35. Suppose -o*m + 4*m - 4*a = 8, -3*a = -m + 2. Calculate the remainder when 